{"id":66,"date":"2018-03-31T23:39:16","date_gmt":"2018-03-31T20:39:16","guid":{"rendered":"http:\/\/mincos.fi\/wordpress\/?page_id=66"},"modified":"2022-06-04T15:12:26","modified_gmt":"2022-06-04T12:12:26","slug":"tuotteet","status":"publish","type":"page","link":"http:\/\/mincos.fi\/wordpress\/tuotteet\/","title":{"rendered":"Tuotteet"},"content":{"rendered":"<h1>Tuotteet<\/h1>\n<h3>Mallistot<\/h3>\n<ul>\n<li><a href=\"https:\/\/mincos.fi\/wordpress\/tuotteet\/onni-korkkirusetti\/\"><strong>Onni (korkkirusetti)<\/strong><\/a><\/li>\n<li><a href=\"http:\/\/mincos.fi\/wordpress\/tuotteet\/helmiina\/\">Helmiina<\/a><\/li>\n<li><a href=\"http:\/\/mincos.fi\/wordpress\/tuotteet\/sataman-helmet\/\">Sataman Helmet<\/a><\/li>\n<li><a href=\"http:\/\/mincos.fi\/wordpress\/aalto\/\">Aalto<\/a><\/li>\n<li><a href=\"http:\/\/mincos.fi\/wordpress\/tuotteet\/gielas\/\">Gielas<\/a><\/li>\n<li><a href=\"http:\/\/mincos.fi\/wordpress\/meritytto\/\">Meritytt\u00f6<\/a><\/li>\n<li><a href=\"http:\/\/mincos.fi\/wordpress\/tuotteet\/signal-2\/\">Signal<\/a><\/li>\n<li><a href=\"http:\/\/mincos.fi\/wordpress\/onnenonkija\/\" target=\"_blank\" rel=\"noopener noreferrer\">Onnenonkija<\/a><\/li>\n<\/ul>\n<p style=\"text-align: left;\">Helmiss\u00e4 k\u00e4yt\u00e4mme p\u00e4\u00e4asiassa eurooppalaista koivua tai py\u00f6kki\u00e4.\u00a0Puu on l\u00e4mmin, kevyt ja helposti ty\u00f6stett\u00e4v\u00e4 materiaali ja siksi se soveltuu mainiosti my\u00f6s koruihin. Kaikki helmet on valmistettu Suomessa k\u00e4sity\u00f6n\u00e4 ja erikoisemmat design-helmet ovat k\u00e4sin maalattu. K\u00e4yt\u00e4mme myrkytt\u00f6mi\u00e4 maaleja.<\/p>\n<p style=\"text-align: left;\">Valmistamme tilauksesta my\u00f6s asiakkaan toiveiden mukaisesti puuhelmi\u00e4. Kaikkiin helmiin on saatavissa my\u00f6s sopivat rannekorut ja korvakorut.<\/p>\n<p style=\"text-align: left;\">Puuhelmet ovat klassikko.<\/p>\n","protected":false},"excerpt":{"rendered":"<p>Tuotteet Mallistot Onni (korkkirusetti) Helmiina Sataman Helmet Aalto Gielas Meritytt\u00f6 Signal Onnenonkija Helmiss\u00e4 k\u00e4yt\u00e4mme p\u00e4\u00e4asiassa eurooppalaista koivua tai py\u00f6kki\u00e4.\u00a0Puu on l\u00e4mmin, kevyt ja helposti ty\u00f6stett\u00e4v\u00e4 materiaali ja siksi se soveltuu mainiosti my\u00f6s koruihin. Kaikki helmet on valmistettu Suomessa k\u00e4sity\u00f6n\u00e4 ja erikoisemmat design-helmet ovat k\u00e4sin maalattu. K\u00e4yt\u00e4mme myrkytt\u00f6mi\u00e4 maaleja. Valmistamme tilauksesta my\u00f6s asiakkaan toiveiden mukaisesti puuhelmi\u00e4.&hellip; <br \/> <a class=\"read-more\" href=\"http:\/\/mincos.fi\/wordpress\/tuotteet\/\">Read more<\/a><\/p>\n","protected":false},"author":1,"featured_media":0,"parent":0,"menu_order":0,"comment_status":"closed","ping_status":"closed","template":"","meta":[],"_links":{"self":[{"href":"http:\/\/mincos.fi\/wordpress\/wp-json\/wp\/v2\/pages\/66"}],"collection":[{"href":"http:\/\/mincos.fi\/wordpress\/wp-json\/wp\/v2\/pages"}],"about":[{"href":"http:\/\/mincos.fi\/wordpress\/wp-json\/wp\/v2\/types\/page"}],"author":[{"embeddable":true,"href":"http:\/\/mincos.fi\/wordpress\/wp-json\/wp\/v2\/users\/1"}],"replies":[{"embeddable":true,"href":"http:\/\/mincos.fi\/wordpress\/wp-json\/wp\/v2\/comments?post=66"}],"version-history":[{"count":10,"href":"http:\/\/mincos.fi\/wordpress\/wp-json\/wp\/v2\/pages\/66\/revisions"}],"predecessor-version":[{"id":229,"href":"http:\/\/mincos.fi\/wordpress\/wp-json\/wp\/v2\/pages\/66\/revisions\/229"}],"wp:attachment":[{"href":"http:\/\/mincos.fi\/wordpress\/wp-json\/wp\/v2\/media?parent=66"}],"curies":[{"name":"wp","href":"https:\/\/api.w.org\/{rel}","templated":true}]}}